n 37226 is divided by 37172?
54
What is the remainder when 1569468 is divided by 1320?
1308
Calculate the remainder when 344801 is divided by 6049.
8
What is the remainder when 2184 is divided by 14?
0
Calculate the remainder when 1317 is divided by 1253.
64
What is the remainder when 14361 is divided by 342?
339
What is the remainder when 2231 is divided by 43?
38
Calculate the remainder when 149182 is divided by 888.
886
What is the remainder when 19297 is divided by 2411?
9
Calculate the remainder when 25918 is divided by 37.
18
Calculate the remainder when 839 is divided by 137.
17
Calculate the remainder when 10290 is divided by 5066.
158
What is the remainder when 13082 is divided by 212?
150
What is the remainder when 999 is divided by 73?
50
Calculate the remainder when 21341 is divided by 7107.
20
Calculate the remainder when 1317 is divided by 734.
583
What is the remainder when 5470 is divided by 166?
158
What is the remainder when 146316 is divided by 540?
516
Calculate the remainder when 2815 is divided by 458.
67
Calculate the remainder when 29387 is divided by 207.
200
Calculate the remainder when 3228 is divided by 27.
15
What is the remainder when 7913 is divided by 7885?
28
Calculate the remainder when 243847 is divided by 81252.
91
Calculate the remainder when 281849 is divided by 39.
35
What is the remainder when 34171 is divided by 9?
7
Calculate the remainder when 831279 is divided by 585.
579
Calculate the remainder when 140588 is divided by 127.
126
What is the remainder when 28447 is divided by 28328?
119
Calculate the remainder when 6546 is divided by 102.
18
What is the remainder when 2489289 is divided by 311160?
9
What is the remainder when 662 is divided by 640?
22
Calculate the remainder when 1142 is divided by 102.
20
What is the remainder when 6507 is divided by 1662?
1521
Calculate the remainder when 161839 is divided by 281.
264
Calculate the remainder when 168637 is divided by 84313.
11
What is the remainder when 104450 is divided by 65?
60
Calculate the remainder when 36479 is divided by 16.
15
Calculate the remainder when 424183 is divided by 26.
19
What is the remainder when 53687 is divided by 31?
26
What is the remainder when 188417 is divided by 188413?
4
What is the remainder when 677 is divided by 185?
122
What is the remainder when 1011 is divided by 96?
51
What is the remainder when 252256 is divided by 4?
0
What is the remainder when 104228 is divided by 65?
33
What is the remainder when 1542 is divided by 59?
8
What is the remainder when 32817 is divided by 38?
23
What is the remainder when 68423 is divided by 1396?
19
Calculate the remainder when 1042642 is divided by 102.
100
What is the remainder when 1135 is divided by 181?
49
What is the remainder when 17241 is divided by 301?
84
What is the remainder when 16321 is divided by 52?
45
What is the remainder when 127788 is divided by 5111?
13
Calculate the remainder when 358824 is divided by 13.
11
Calculate the remainder when 713 is divided by 232.
17
What is the remainder when 10539 is divided by 246?
207
What is the remainder when 15564 is divided by 7747?
70
Calculate the remainder when 23099 is divided by 11429.
241
What is the remainder when 3248 is divided by 770?
168
Calculate the remainder when 5921 is divided by 79.
75
What is the remainder when 213632 is divided by 124?
104
What is the remainder when 105358 is divided by 2394?
22
What is the remainder when 1165 is divided by 23?
15
Calculate the remainder when 4992 is divided by 333.
330
What is the remainder when 29775 is divided by 2118?
123
What is the remainder when 117791 is divided by 58893?
5
What is the remainder when 20706 is divided by 196?
126
What is the remainder when 49880 is divided by 8313?
2
What is the remainder when 20655 is divided by 20569?
86
Calculate the remainder when 6705 is divided by 571.
424
Calculate the remainder when 43721 is divided by 7286.
5
Calculate the remainder when 4520 is divided by 91.
61
Calculate the remainder when 114531 is divided by 202.
199
Calculate the remainder when 23063 is divided by 2087.
106
What is the remainder when 7143 is divided by 397?
394
Calculate the remainder when 770854 is divided by 3488.
6
Calculate the remainder when 536359 is divided by 88.
87
Calculate the remainder when 11514 is divided by 281.
274
Calculate the remainder when 326024 is divided by 446.
444
Calculate the remainder when 3206332 is divided by 1067.
1064
What is the remainder when 36584 is divided by 2438?
14
What is the remainder when 2156 is divided by 680?
116
What is the remainder when 48499 is divided by 20?
19
What is the remainder when 23814282 is divided by 26?
24
What is the remainder when 1243 is divided by 384?
91
What is the remainder when 220211 is divided by 103?
100
Calculate the remainder when 8089 is divided by 19.
14
What is the remainder when 42567 is divided by 42519?
48
What is the remainder when 26944 is divided by 6579?
628
What is the remainder when 539175 is divided by 6825?
0
Calculate the remainder when 31576 is divided by 28.
20
Calculate the remainder when 12552 is divided by 40.
32
Calculate the remainder when 1011725 is divided by 218.
205
What is the remainder when 6632 is divided by 363?
98
What is the remainder when 71827 is divided by 69?
67
Calculate the remainder when 840 is divided by 348.
144
Calculate the remainder when 954 is divided by 160.
154
Calculate the remainder when 600293 is divided by 17151.
8
Calculate the remainder when 83769 is divided by 5234.
25
What is the remainder when 187125 is divided by 184?
181
What is the remainder when 9112 is divided by 2264?
56
What is the remainder when 3667 is divided by 3345?
322
Calculate the remainder when 4844 is divided by 36.
20
Calculate the remainder when 19611 is divided by 52.
7
What is the remainder when 1624 is divided by 464?
232
Calculate the remainder when 328177 is divided by 30.
7
What is the remainder when 13481 is divided by 71?
62
What is the remainder when 12468 is divided by 6231?
6
Calculate the remainder when 159946 is divided by 26.
20
What is the remainder when 40173 is divided by 2869?
7
Calculate the remainder when 428691 is divided by 5567.
32
Calculate the remainder when 767 is divided by 256.
255
What is the remainder when 28316 is divided by 4045?
1
What is the remainder when 10452 is divided by 51?
48
Calculate the remainder when 21955 is divided by 7316.
7
What is the remainder when 345 is divided by 11?
4
Calculate the remainder when 537 is divided by 162.
51
What is the remainder when 5135 is divided by 135?
5
What is the remainder when 46456 is divided by 89?
87
What is the remainder when 2663405 is divided by 237?
236
What is the remainder when 496 is divided by 147?
55
What is the remainder when 5298 is divided by 27?
6
Calculate the remainder when 1939 is divided by 188.
59
Calculate the remainder when 1503178 is divided by 21.
19
What is the remainder when 5696 is divided by 227?
21
Calculate the remainder when 338653 is divided by 3320.
13
What is the remainder when 996147 is divided by 30?
27
What is the remainder when 28311 is divided by 11?
8
Calculate the remainder when 6416 is divided by 582.
14
What is the remainder when 1653467 is divided by 79?
76
What is the remainder when 226339 is divided by 747?
745
What is the remainder when 16235 is divided by 4054?
19
What is the remainder when 1627 is divided by 97?
75
Calculate the remainder when 161268 is divided by 3.
0
What is the remainder when 8516 is divided by 2593?
737
Calculate the remainder when 313481 is divided by 1381.
1375
Calculate the remainder when 72322 is divided by 98.
96
Calculate the remainder when 196052 is divided by 372.
8
What is the remainder when 1568 is divided by 1438?
130
What is the remainder when 22820 is divided by 415?
410
Calculate the remainder when 375830 is divided by 7.
0
What is the remainder when 4302 is divided by 118?
54
Calculate the remainder when 182202 is divided by 13.
7
What is the remainder when 58655 is divided by 752?
751
Calculate the remainder when 27797 is divided by 3474.
5
What is the remainder when 599355 is divided by 3188?
11
Calculate the remainder when 13565 is divided by 64.
61
What is the remainder when 203